{"id":9791,"date":"2024-11-14T13:22:59","date_gmt":"2024-11-14T16:22:59","guid":{"rendered":"https:\/\/catalogo.rcddistribuidora.com\/?post_type=product&#038;p=9791"},"modified":"2024-11-14T13:22:59","modified_gmt":"2024-11-14T16:22:59","slug":"krona68-ep","status":"publish","type":"product","link":"https:\/\/catalogo.rcddistribuidora.com\/?product=krona68-ep","title":{"rendered":"KRONA68 EP"},"content":{"rendered":"","protected":false},"excerpt":{"rendered":"<p><strong>DIN 51517-3 (CLP)<\/strong><\/p>\n<p>DESCRI\u00c7\u00c3O, APLICA\u00c7\u00c3O E BENEF\u00cdCIOS:<\/p>\n<p>Formulado com combina\u00e7\u00f5es de \u00f3leos minerais e aditivos antidesgaste, extrema press\u00e3o, anticorrosivo, antioxidante. e antiespumante. Prote\u00e7\u00e3o contra o desgaste das engrenagens, evitando corros\u00e3o e forma\u00e7\u00e3o de espuma; Resist\u00eancia a oxida\u00e7\u00e3o e excelente resist\u00eancia de pel\u00edcula;<\/p>\n<p>COMPOSI\u00c7\u00c3O:<\/p>\n<p>Formulado com \u00f3leos minerais paraf\u00ednicos derivado de petr\u00f3leo e aditivos especiais de alta performance.<\/p>\n","protected":false},"featured_media":9792,"template":"","meta":[],"product_cat":[15],"product_tag":[],"class_list":{"0":"post-9791","1":"product","2":"type-product","3":"status-publish","4":"has-post-thumbnail","6":"product_cat-geral","8":"first","9":"instock","10":"shipping-taxable","11":"purchasable","12":"product-type-simple","13":"add-to-wishlist-after_add_to_cart"},"_links":{"self":[{"href":"https:\/\/catalogo.rcddistribuidora.com\/index.php?rest_route=\/wp\/v2\/product\/9791","targetHints":{"allow":["GET"]}}],"collection":[{"href":"https:\/\/catalogo.rcddistribuidora.com\/index.php?rest_route=\/wp\/v2\/product"}],"about":[{"href":"https:\/\/catalogo.rcddistribuidora.com\/index.php?rest_route=\/wp\/v2\/types\/product"}],"wp:featuredmedia":[{"embeddable":true,"href":"https:\/\/catalogo.rcddistribuidora.com\/index.php?rest_route=\/wp\/v2\/media\/9792"}],"wp:attachment":[{"href":"https:\/\/catalogo.rcddistribuidora.com\/index.php?rest_route=%2Fwp%2Fv2%2Fmedia&parent=9791"}],"wp:term":[{"taxonomy":"product_cat","embeddable":true,"href":"https:\/\/catalogo.rcddistribuidora.com\/index.php?rest_route=%2Fwp%2Fv2%2Fproduct_cat&post=9791"},{"taxonomy":"product_tag","embeddable":true,"href":"https:\/\/catalogo.rcddistribuidora.com\/index.php?rest_route=%2Fwp%2Fv2%2Fproduct_tag&post=9791"}],"curies":[{"name":"wp","href":"https:\/\/api.w.org\/{rel}","templated":true}]}}