{"id":9789,"date":"2024-11-14T13:21:19","date_gmt":"2024-11-14T16:21:19","guid":{"rendered":"https:\/\/catalogo.rcddistribuidora.com\/?post_type=product&#038;p=9789"},"modified":"2024-11-14T13:21:19","modified_gmt":"2024-11-14T16:21:19","slug":"corrente-iso-vg-320","status":"publish","type":"product","link":"https:\/\/catalogo.rcddistribuidora.com\/?product=corrente-iso-vg-320","title":{"rendered":"CORRENTE ISO VG 320"},"content":{"rendered":"","protected":false},"excerpt":{"rendered":"<p><strong>MOTOSSERRA<\/strong><\/p>\n<p>DESCRI\u00c7\u00c3O, APLICA\u00c7\u00c3O E BENEF\u00cdCIOS:<\/p>\n<p>Lubrificante mineral para lubrifica\u00e7\u00e3o e prote\u00e7\u00e3o de correntes de motosserra, motos e outras aplica\u00e7\u00f5es, onde se deseja uma lubrifica\u00e7\u00e3o com adesividade, devido \u00e0 alta rota\u00e7\u00e3o, diminuindo a evas\u00e3o do \u00f3leo.<\/p>\n<p>COMPOSI\u00c7\u00c3O:<\/p>\n<p>\u00d3leo mineral paraf\u00ednico, derivado de petr\u00f3leo e aditivos especiais de alta tecnologia.<\/p>\n","protected":false},"featured_media":9790,"template":"","meta":[],"product_cat":[15],"product_tag":[],"class_list":{"0":"post-9789","1":"product","2":"type-product","3":"status-publish","4":"has-post-thumbnail","6":"product_cat-geral","8":"first","9":"instock","10":"shipping-taxable","11":"purchasable","12":"product-type-simple","13":"add-to-wishlist-after_add_to_cart"},"_links":{"self":[{"href":"https:\/\/catalogo.rcddistribuidora.com\/index.php?rest_route=\/wp\/v2\/product\/9789","targetHints":{"allow":["GET"]}}],"collection":[{"href":"https:\/\/catalogo.rcddistribuidora.com\/index.php?rest_route=\/wp\/v2\/product"}],"about":[{"href":"https:\/\/catalogo.rcddistribuidora.com\/index.php?rest_route=\/wp\/v2\/types\/product"}],"wp:featuredmedia":[{"embeddable":true,"href":"https:\/\/catalogo.rcddistribuidora.com\/index.php?rest_route=\/wp\/v2\/media\/9790"}],"wp:attachment":[{"href":"https:\/\/catalogo.rcddistribuidora.com\/index.php?rest_route=%2Fwp%2Fv2%2Fmedia&parent=9789"}],"wp:term":[{"taxonomy":"product_cat","embeddable":true,"href":"https:\/\/catalogo.rcddistribuidora.com\/index.php?rest_route=%2Fwp%2Fv2%2Fproduct_cat&post=9789"},{"taxonomy":"product_tag","embeddable":true,"href":"https:\/\/catalogo.rcddistribuidora.com\/index.php?rest_route=%2Fwp%2Fv2%2Fproduct_tag&post=9789"}],"curies":[{"name":"wp","href":"https:\/\/api.w.org\/{rel}","templated":true}]}}