{"id":9785,"date":"2024-11-14T13:16:13","date_gmt":"2024-11-14T16:16:13","guid":{"rendered":"https:\/\/catalogo.rcddistribuidora.com\/?post_type=product&#038;p=9785"},"modified":"2024-11-14T13:16:13","modified_gmt":"2024-11-14T16:16:13","slug":"md6000-25w60","status":"publish","type":"product","link":"https:\/\/catalogo.rcddistribuidora.com\/?product=md6000-25w60","title":{"rendered":"MD6000 25W60"},"content":{"rendered":"","protected":false},"excerpt":{"rendered":"<p><strong>MOTORES A DIESEL DE ALTA KM<\/strong><\/p>\n<p>DESCRI\u00c7\u00c3O, APLICA\u00c7\u00c3O E BENEF\u00cdCIOS:<\/p>\n<p>\u00d3leo lubrificante mineral multiviscoso de alta performance. especialmente desenvolvido e indicado para motores \u00e0 diesel de uso di\u00e1rio intenso. Sua aditiva\u00e7\u00e3o protege contra o desgaste prematuro das pe\u00e7as. Ideal para motores com partidas manuais ou el\u00e9tricas, refrigerados \u00e0 ar, com filtro de ar e banhada \u00e0 \u00f3leo. Recomendado para motores estacion\u00e1rios.<\/p>\n<p>COMPOSI\u00c7\u00c3O:<\/p>\n<p>\u00d3leo mineral b\u00e1sico e aditivosespeciais de alta tecnologia.<\/p>\n","protected":false},"featured_media":9786,"template":"","meta":[],"product_cat":[15],"product_tag":[],"class_list":{"0":"post-9785","1":"product","2":"type-product","3":"status-publish","4":"has-post-thumbnail","6":"product_cat-geral","8":"first","9":"instock","10":"shipping-taxable","11":"purchasable","12":"product-type-simple","13":"add-to-wishlist-after_add_to_cart"},"_links":{"self":[{"href":"https:\/\/catalogo.rcddistribuidora.com\/index.php?rest_route=\/wp\/v2\/product\/9785","targetHints":{"allow":["GET"]}}],"collection":[{"href":"https:\/\/catalogo.rcddistribuidora.com\/index.php?rest_route=\/wp\/v2\/product"}],"about":[{"href":"https:\/\/catalogo.rcddistribuidora.com\/index.php?rest_route=\/wp\/v2\/types\/product"}],"wp:featuredmedia":[{"embeddable":true,"href":"https:\/\/catalogo.rcddistribuidora.com\/index.php?rest_route=\/wp\/v2\/media\/9786"}],"wp:attachment":[{"href":"https:\/\/catalogo.rcddistribuidora.com\/index.php?rest_route=%2Fwp%2Fv2%2Fmedia&parent=9785"}],"wp:term":[{"taxonomy":"product_cat","embeddable":true,"href":"https:\/\/catalogo.rcddistribuidora.com\/index.php?rest_route=%2Fwp%2Fv2%2Fproduct_cat&post=9785"},{"taxonomy":"product_tag","embeddable":true,"href":"https:\/\/catalogo.rcddistribuidora.com\/index.php?rest_route=%2Fwp%2Fv2%2Fproduct_tag&post=9785"}],"curies":[{"name":"wp","href":"https:\/\/api.w.org\/{rel}","templated":true}]}}