{"id":9767,"date":"2024-11-14T12:41:49","date_gmt":"2024-11-14T15:41:49","guid":{"rendered":"https:\/\/catalogo.rcddistribuidora.com\/?post_type=product&#038;p=9767"},"modified":"2024-11-14T12:41:49","modified_gmt":"2024-11-14T15:41:49","slug":"graxa-litio-2-mp2","status":"publish","type":"product","link":"https:\/\/catalogo.rcddistribuidora.com\/?product=graxa-litio-2-mp2","title":{"rendered":"GRAXA L\u00cdTIO 2 MP2"},"content":{"rendered":"","protected":false},"excerpt":{"rendered":"<p><strong>GRAXA DE L\u00cdTIO<\/strong><\/p>\n<p>INDICA\u00c7\u00c3O:<br \/>\nGraxa \u00e0 base de sab\u00e3o de l\u00edtio, recomendada para a lubrifica\u00e7\u00e3o de rolamentos, juntas universais, cubos de roda e pinos de ve\u00edculos automotivos, agr\u00edcolas e de constru\u00e7\u00e3o.<\/p>\n<p>BENEF\u00cdCIOS:<\/p>\n<p>Elevada manuten\u00e7\u00e3o de sua consist\u00eancia, mesmo trabalhando sob condi\u00e7\u00f5es severas de opera\u00e7\u00e3o. Aumenta significativamente o tempo de vida dos rolamentos.<\/p>\n<p>Reduz a reposi\u00e7\u00e3o de rolamentos causados por desgaste devido \u00e0s vibra\u00e7\u00f5es. Apresenta caracter\u00edsticas de resist\u00eancia \u00e0 oxida\u00e7\u00e3o e \u00e0 lavagem por \u00e1gua, podendo ser empregada em ambientes \u00famidos. Excelente ader\u00eancia nas superf\u00edcies met\u00e1licas. Elevada bombeabilidade, capacitando o produto a ser aplicado atrav\u00e9s de pistolas, lubrificadores mec\u00e2nicos e sistemas centralizado de lubrifica\u00e7\u00e3o.<\/p>\n<p>COMPOSI\u00c7\u00c3O:<\/p>\n<p>Formulado com \u00f3leos minerais paraf\u00ednico, derivado de petr\u00f3leo, sab\u00e3o met\u00e1lico de l\u00edtio.<\/p>\n<p>&nbsp;<\/p>\n","protected":false},"featured_media":9768,"template":"","meta":[],"product_cat":[15],"product_tag":[],"class_list":{"0":"post-9767","1":"product","2":"type-product","3":"status-publish","4":"has-post-thumbnail","6":"product_cat-geral","8":"first","9":"instock","10":"shipping-taxable","11":"purchasable","12":"product-type-simple","13":"add-to-wishlist-after_add_to_cart"},"_links":{"self":[{"href":"https:\/\/catalogo.rcddistribuidora.com\/index.php?rest_route=\/wp\/v2\/product\/9767","targetHints":{"allow":["GET"]}}],"collection":[{"href":"https:\/\/catalogo.rcddistribuidora.com\/index.php?rest_route=\/wp\/v2\/product"}],"about":[{"href":"https:\/\/catalogo.rcddistribuidora.com\/index.php?rest_route=\/wp\/v2\/types\/product"}],"wp:featuredmedia":[{"embeddable":true,"href":"https:\/\/catalogo.rcddistribuidora.com\/index.php?rest_route=\/wp\/v2\/media\/9768"}],"wp:attachment":[{"href":"https:\/\/catalogo.rcddistribuidora.com\/index.php?rest_route=%2Fwp%2Fv2%2Fmedia&parent=9767"}],"wp:term":[{"taxonomy":"product_cat","embeddable":true,"href":"https:\/\/catalogo.rcddistribuidora.com\/index.php?rest_route=%2Fwp%2Fv2%2Fproduct_cat&post=9767"},{"taxonomy":"product_tag","embeddable":true,"href":"https:\/\/catalogo.rcddistribuidora.com\/index.php?rest_route=%2Fwp%2Fv2%2Fproduct_tag&post=9767"}],"curies":[{"name":"wp","href":"https:\/\/api.w.org\/{rel}","templated":true}]}}