{"id":9761,"date":"2024-11-14T12:27:12","date_gmt":"2024-11-14T15:27:12","guid":{"rendered":"https:\/\/catalogo.rcddistribuidora.com\/?post_type=product&#038;p=9761"},"modified":"2024-11-14T12:27:12","modified_gmt":"2024-11-14T15:27:12","slug":"tirroil-hlp","status":"publish","type":"product","link":"https:\/\/catalogo.rcddistribuidora.com\/?product=tirroil-hlp","title":{"rendered":"TIRROIL HLP"},"content":{"rendered":"","protected":false},"excerpt":{"rendered":"<p>\u00d3leos tipo HLP (conforme DIN 51524-2) com propriedades antidesgaste, indicados para lubrifica\u00e7\u00e3o de sistemas hidr\u00e1ulicos, mesmo sob fortes cargas t\u00e9rmicas.<\/p>\n","protected":false},"featured_media":9762,"template":"","meta":[],"product_cat":[15],"product_tag":[],"class_list":{"0":"post-9761","1":"product","2":"type-product","3":"status-publish","4":"has-post-thumbnail","6":"product_cat-geral","8":"first","9":"instock","10":"shipping-taxable","11":"purchasable","12":"product-type-simple","13":"add-to-wishlist-after_add_to_cart"},"_links":{"self":[{"href":"https:\/\/catalogo.rcddistribuidora.com\/index.php?rest_route=\/wp\/v2\/product\/9761","targetHints":{"allow":["GET"]}}],"collection":[{"href":"https:\/\/catalogo.rcddistribuidora.com\/index.php?rest_route=\/wp\/v2\/product"}],"about":[{"href":"https:\/\/catalogo.rcddistribuidora.com\/index.php?rest_route=\/wp\/v2\/types\/product"}],"wp:featuredmedia":[{"embeddable":true,"href":"https:\/\/catalogo.rcddistribuidora.com\/index.php?rest_route=\/wp\/v2\/media\/9762"}],"wp:attachment":[{"href":"https:\/\/catalogo.rcddistribuidora.com\/index.php?rest_route=%2Fwp%2Fv2%2Fmedia&parent=9761"}],"wp:term":[{"taxonomy":"product_cat","embeddable":true,"href":"https:\/\/catalogo.rcddistribuidora.com\/index.php?rest_route=%2Fwp%2Fv2%2Fproduct_cat&post=9761"},{"taxonomy":"product_tag","embeddable":true,"href":"https:\/\/catalogo.rcddistribuidora.com\/index.php?rest_route=%2Fwp%2Fv2%2Fproduct_tag&post=9761"}],"curies":[{"name":"wp","href":"https:\/\/api.w.org\/{rel}","templated":true}]}}