{"id":9749,"date":"2024-11-14T11:30:50","date_gmt":"2024-11-14T14:30:50","guid":{"rendered":"https:\/\/catalogo.rcddistribuidora.com\/?post_type=product&#038;p=9749"},"modified":"2024-11-14T11:30:51","modified_gmt":"2024-11-14T14:30:51","slug":"dpf-cleaner","status":"publish","type":"product","link":"https:\/\/catalogo.rcddistribuidora.com\/?product=dpf-cleaner","title":{"rendered":"DPF Cleaner"},"content":{"rendered":"","protected":false},"excerpt":{"rendered":"<p>Reparador e regenerador de filtros de part\u00edculas diesel via tanque. Possui um princ\u00edpio ativo inovador que reduz a temperatura de queima das part\u00edculas que est\u00e3o depositadas no filtro DPF, permitindo a elimina\u00e7\u00e3o e regenerando o filtro DPF sem comprometer o desempenho do motor.<\/p>\n<p>Recomendado para ve\u00edculos equipados com filtro DPF com sistemas SCR (Redu\u00e7\u00e3o Catal\u00edtica Seletiva) e turbo compressor ou qualquer tipo de ve\u00edculo que utilize o combust\u00edvel diesel.<br \/>\n<b><\/b><\/p>\n<p><b>Corretivo:<\/b>\u00a0Para motores que apresentam problemas de entupimento ou baixo desempenho no filtro DPF, adicione sempre um frasco de 500ml no tanque de at\u00e9 80 litros de diesel. Caso o problema persista, repetir o procedimento.<br \/>\n<b><\/b><\/p>\n<p><b>Preventivo:<\/b>\u00a0Para manter o filtro DPF limpo, usar um frasco de 500ml em um tanque de at\u00e9 80 litros a cada 5000 km.<\/p>\n","protected":false},"featured_media":9750,"template":"","meta":[],"product_cat":[15],"product_tag":[],"class_list":{"0":"post-9749","1":"product","2":"type-product","3":"status-publish","4":"has-post-thumbnail","6":"product_cat-geral","8":"first","9":"instock","10":"shipping-taxable","11":"purchasable","12":"product-type-simple","13":"add-to-wishlist-after_add_to_cart"},"_links":{"self":[{"href":"https:\/\/catalogo.rcddistribuidora.com\/index.php?rest_route=\/wp\/v2\/product\/9749","targetHints":{"allow":["GET"]}}],"collection":[{"href":"https:\/\/catalogo.rcddistribuidora.com\/index.php?rest_route=\/wp\/v2\/product"}],"about":[{"href":"https:\/\/catalogo.rcddistribuidora.com\/index.php?rest_route=\/wp\/v2\/types\/product"}],"wp:featuredmedia":[{"embeddable":true,"href":"https:\/\/catalogo.rcddistribuidora.com\/index.php?rest_route=\/wp\/v2\/media\/9750"}],"wp:attachment":[{"href":"https:\/\/catalogo.rcddistribuidora.com\/index.php?rest_route=%2Fwp%2Fv2%2Fmedia&parent=9749"}],"wp:term":[{"taxonomy":"product_cat","embeddable":true,"href":"https:\/\/catalogo.rcddistribuidora.com\/index.php?rest_route=%2Fwp%2Fv2%2Fproduct_cat&post=9749"},{"taxonomy":"product_tag","embeddable":true,"href":"https:\/\/catalogo.rcddistribuidora.com\/index.php?rest_route=%2Fwp%2Fv2%2Fproduct_tag&post=9749"}],"curies":[{"name":"wp","href":"https:\/\/api.w.org\/{rel}","templated":true}]}}