{"id":10727,"date":"2025-01-13T18:46:57","date_gmt":"2025-01-13T21:46:57","guid":{"rendered":"https:\/\/catalogo.rcddistribuidora.com\/?post_type=product&#038;p=10727"},"modified":"2025-01-13T18:46:57","modified_gmt":"2025-01-13T21:46:57","slug":"titan-syn-gf6-sae-0w-20","status":"publish","type":"product","link":"https:\/\/catalogo.rcddistribuidora.com\/?product=titan-syn-gf6-sae-0w-20","title":{"rendered":"TITAN SYN GF6 SAE 0W-20"},"content":{"rendered":"","protected":false},"excerpt":{"rendered":"<p>\u00d3leo de motor alt\u00edssimo desempenho para motores a gasolina de carros de passageiros e ve\u00edculos comerciais leves. Desenvolvido para atender e superar a especifica\u00e7\u00e3o GF-6 da ILSAC para a \u00faltima gera\u00e7\u00e3o de motores a gasolina. Previne de forma confi\u00e1vel a pr\u00e9-igni\u00e7\u00e3o em baixa velocidade (LSPI) e combina excelente economia de combust\u00edvel com prote\u00e7\u00e3o contra desgaste, mesmo em condi\u00e7\u00f5es operacionais severas.<\/p>\n<p><strong>Descri\u00e7\u00e3o<\/strong><br \/>\nO TITAN SYN GF6 SAE 0W-20 \u00e9 um \u00f3leo de motor de \u00faltima gera\u00e7\u00e3o desenvolvido para proteger os motores modernos a gasolina de inje\u00e7\u00e3o direta (GDi) da pr\u00e9-igni\u00e7\u00e3o de baixa velocidade (LSPI). Fornecendo excelente limpeza do motor, preven\u00e7\u00e3o de corros\u00e3o e excelente desempenho antidesgaste, o TITAN SYN GF6 maximiza a confiabilidade e a longevidade do motor. O comportamento de partida a frio suave e a lubrifica\u00e7\u00e3o r\u00e1pida do motor otimizam ainda mais o n\u00edvel de prote\u00e7\u00e3o do motor. O TITAN SYN GF6 foi desenvolvido especificamente para condi\u00e7\u00f5es de opera\u00e7\u00e3o severas.<br \/>\nAl\u00e9m disso, o TITAN SYN GF6 SAE 0W-20 combina prote\u00e7\u00e3o do motor com excelente efici\u00eancia de combust\u00edvel. Maximizando os intervalos de troca e o consumo de combust\u00edvel ao mesmo tempo, o TITAN SYN GF6 SAE 0W-20 proporciona aos propriet\u00e1rios a minimiza\u00e7\u00e3o do custo operacional de seus ve\u00edculos. Portanto, \u00e9 ideal para usu\u00e1rios profissionais obterem o melhor desempenho de suas frotas.<\/p>\n<p><strong>Aplica\u00e7\u00e3o<\/strong><br \/>\nO TITAN SYN GF6 SAE 0W-20 \u00e9 especifica\u00e7\u00e3o conforme ILSAC GF-6 e excede as especifica\u00e7\u00f5es API SP, bem como FORD WSS-M2C962. Ele pode ser usado em uma ampla variedade de motores que requerem qualquer uma dessas especifica\u00e7\u00f5es e \u00e9 compat\u00edvel com vers\u00f5es anteriores (por exemplo, ILSAC GF-5 ou FORD WSS-M2C947). Ele pode ser usado com confian\u00e7a em frotas mais novas ou de alta quilometragem. O TITAN SYN GF6 SAE 0W-20 \u00e9 misc\u00edvel e compat\u00edvel com os \u00f3leos de motor de marcas convencionais. No entanto, a mistura com outros \u00f3leos de motores deve ser evitada para aproveitar totalmente os benef\u00edcios do produto. Respectivamente, recomenda-se uma troca completa do \u00f3leo ao migrar para o TITAN SYN GF6 SAE 0W-20. Para informa\u00e7\u00f5es sobre seguran\u00e7a e descarte adequado do produto, favor orientar-se pelas informa\u00e7\u00f5es presentes na embalagem e na FISPQ.<\/p>\n<p><strong>Vantagens<\/strong><br \/>\n\u25aa Prote\u00e7\u00e3o contra pr\u00e9-igni\u00e7\u00e3o de baixa velocidade (LSPI)<br \/>\n\u25aa \u00d3tima prote\u00e7\u00e3o contra desgaste<br \/>\n\u25aa Excelente limpeza do motor e desempenho anticorrosivo<br \/>\n\u25aa Excelente efici\u00eancia de combust\u00edvel<br \/>\n\u25aa Lubrifica\u00e7\u00e3o sustent\u00e1vel, mesmo sob condi\u00e7\u00f5es operacionais severas (por exemplo, cargas pesadas e baixas temperaturas)<br \/>\n\u25aa Consumo de \u00f3leo reduzido<\/p>\n<p><strong>Especifica\u00e7\u00f5es<\/strong><br \/>\n\u25aa API SP<br \/>\n\u25aa ILSAC GF-6A<br \/>\n\u25aa FORD WSS-M2C962-A<\/p>\n<p><strong>Aprova\u00e7\u00f5es<\/strong><br \/>\n\u25aa &#8211;<\/p>\n<p><strong>Recomenda\u00e7\u00f5es FUCHS<\/strong><br \/>\n\u25aa API SN+<br \/>\n\u25aa ILSAC GF-5+<br \/>\n\u25aa FORD WSS-M2C947<\/p>\n<p><strong>CARACTER\u00cdSTICAS T\u00cdPICAS<\/strong><br \/>\nDensidade a 15 \u00b0C\u00a0 \u00a0 \u00a0 \u00a0 \u00a0 \u00a0 \u00a0 \u00a0 \u00a0 \u00a0 \u00a0 \u00a0 \u00a0 \u00a0 \u00a0 \u00a0 \u00a0 \u00a0 \u00a0 \u00a0 \u00a0 \u00a0 \u00a0 \u00a0 \u00a0 \u00a0 \u00a0 ASTM D 287\u00a0 \u00a0 \u00a0 \u00a0 \u00a0 \u00a0 0,85 g\/ml<br \/>\nCor\u00a0 \u00a0 \u00a0 \u00a0 \u00a0 \u00a0 \u00a0 \u00a0 \u00a0 \u00a0 \u00a0 \u00a0 \u00a0 \u00a0 \u00a0 \u00a0 \u00a0 \u00a0 \u00a0 \u00a0 \u00a0 \u00a0 \u00a0 \u00a0 \u00a0 \u00a0 \u00a0 \u00a0 \u00a0 \u00a0 \u00a0 \u00a0 \u00a0 \u00a0 \u00a0 \u00a0 \u00a0 \u00a0 \u00a0 \u00a0 \u00a0 \u00a0 \u00a0 \u00a0 \u00a0 \u00a0 \u00a0 \u00a0 \u00a0 \u00a0 \u00a0 \u00a0 \u00a0 \u00a0 \u00a0 \u00a0 \u00a0 \u00a0 \u00c2mbar<br \/>\nPonto de fluidez\u00a0 \u00a0 \u00a0 \u00a0 \u00a0 \u00a0 \u00a0 \u00a0 \u00a0 \u00a0 \u00a0 \u00a0 \u00a0 \u00a0 \u00a0 \u00a0 \u00a0 \u00a0 \u00a0 \u00a0 \u00a0 \u00a0 \u00a0 \u00a0 \u00a0 \u00a0 \u00a0 \u00a0 \u00a0 ASTM D 97\u00a0 \u00a0 \u00a0 \u00a0 \u00a0 \u00a0 \u00a0 -43 \u00b0C<br \/>\nViscosidade Cinem\u00e1tica a 40 \u00b0C\u00a0 \u00a0 \u00a0 \u00a0 \u00a0 \u00a0 \u00a0 \u00a0 \u00a0 \u00a0 \u00a0 \u00a0 \u00a0 \u00a0 \u00a0 ASTM D 445\u00a0 \u00a0 \u00a0 \u00a0 \u00a0 \u00a043,29 mm2\/s<br \/>\nViscosidade Cinem\u00e1tica a 100 \u00b0C\u00a0 \u00a0 \u00a0 \u00a0 \u00a0 \u00a0 \u00a0 \u00a0 \u00a0 \u00a0 \u00a0 \u00a0 \u00a0 \u00a0 ASTM D 445\u00a0 \u00a0 \u00a0 \u00a0 \u00a0 \u00a0 8,1 mm2\/s<br \/>\n\u00cdndice de viscosidade\u00a0 \u00a0 \u00a0 \u00a0 \u00a0 \u00a0 \u00a0 \u00a0 \u00a0 \u00a0 \u00a0 \u00a0 \u00a0 \u00a0 \u00a0 \u00a0 \u00a0 \u00a0 \u00a0 \u00a0 \u00a0 \u00a0 \u00a0 \u00a0 \u00a0 \u00a0 \u00a0 \u00a0 \u00a0 \u00a0 \u00a0 \u00a0 \u00a0 \u00a0 \u00a0 \u00a0 \u00a0 \u00a0 \u00a0 \u00a0 \u00a0 \u00a0 167<\/p>\n<p>O conte\u00fado deste informativo de produto \u00e9 baseado na experi\u00eancia e conhecimento da FUCHS LUBRIFICANTES DO BRASIL no desenvolvimento e fabrica\u00e7\u00e3o de lubrificantes, e representa a tecnologia de ponta atual. O desempenho dos nossos produtos pode ser influenciado por uma s\u00e9rie de fatores, especialmente a utiliza\u00e7\u00e3o espec\u00edfica, o m\u00e9todo de aplica\u00e7\u00e3o, o ambiente operacional, o pr\u00e9-tratamento, a poss\u00edvel contamina\u00e7\u00e3o externa etc. Por este motivo, afirma\u00e7\u00f5es generalizadas sobre a fun\u00e7\u00e3o dos nossos produtos n\u00e3o s\u00e3o poss\u00edveis. Nossos produtos n\u00e3o devem ser usados em aeronaves ou ve\u00edculos espaciais. Nossos produtos podem ser usados na produ\u00e7\u00e3o de componentes de aeronaves ou ve\u00edculos espaciais se forem removidos sem res\u00edduos desses componentes antes da montagem de aeronaves ou ve\u00edculos espaciais. As informa\u00e7\u00f5es sobre o produto representam diretrizes gerais, n\u00e3o vinculativas. Nenhuma garantia expressa ou impl\u00edcita \u00e9 dada sobre as propriedades do produto ou sua adequa\u00e7\u00e3o para qualquer aplica\u00e7\u00e3o dada.<br \/>\nPor isso, recomendamos que voc\u00ea consulte o Departamento T\u00e9cnico da FUCHS LUBRIFICANTES DO BRASIL para discutir as condi\u00e7\u00f5es de aplica\u00e7\u00e3o e os crit\u00e9rios de desempenho dos produtos antes de ser utilizado. \u00c9 responsabilidade do usu\u00e1rio verificar a adequa\u00e7\u00e3o funcional do produto e us\u00e1-lo com o devido cuidado.<br \/>\nNossos produtos s\u00e3o continuamente melhorados. N\u00f3s ent\u00e3o nos reservamos o direito de mudar nosso programa de produto, os produtos e seus processos de fabrica\u00e7\u00e3o, bem como todos os detalhes dos nossos formul\u00e1rios de informa\u00e7\u00e3o do produto a qualquer momento, sem aviso pr\u00e9vio, a menos que haja acordos espec\u00edficos com clientes. Com a publica\u00e7\u00e3o deste informativo de produto, todas as edi\u00e7\u00f5es anteriores deixam de ser v\u00e1lidas.<\/p>\n<p>&nbsp;<\/p>\n","protected":false},"featured_media":10728,"template":"","meta":[],"product_cat":[135],"product_tag":[],"class_list":{"0":"post-10727","1":"product","2":"type-product","3":"status-publish","4":"has-post-thumbnail","6":"product_cat-fluidos","8":"first","9":"instock","10":"shipping-taxable","11":"purchasable","12":"product-type-simple","13":"add-to-wishlist-after_add_to_cart"},"_links":{"self":[{"href":"https:\/\/catalogo.rcddistribuidora.com\/index.php?rest_route=\/wp\/v2\/product\/10727","targetHints":{"allow":["GET"]}}],"collection":[{"href":"https:\/\/catalogo.rcddistribuidora.com\/index.php?rest_route=\/wp\/v2\/product"}],"about":[{"href":"https:\/\/catalogo.rcddistribuidora.com\/index.php?rest_route=\/wp\/v2\/types\/product"}],"wp:featuredmedia":[{"embeddable":true,"href":"https:\/\/catalogo.rcddistribuidora.com\/index.php?rest_route=\/wp\/v2\/media\/10728"}],"wp:attachment":[{"href":"https:\/\/catalogo.rcddistribuidora.com\/index.php?rest_route=%2Fwp%2Fv2%2Fmedia&parent=10727"}],"wp:term":[{"taxonomy":"product_cat","embeddable":true,"href":"https:\/\/catalogo.rcddistribuidora.com\/index.php?rest_route=%2Fwp%2Fv2%2Fproduct_cat&post=10727"},{"taxonomy":"product_tag","embeddable":true,"href":"https:\/\/catalogo.rcddistribuidora.com\/index.php?rest_route=%2Fwp%2Fv2%2Fproduct_tag&post=10727"}],"curies":[{"name":"wp","href":"https:\/\/api.w.org\/{rel}","templated":true}]}}