{"id":10719,"date":"2025-01-13T18:23:27","date_gmt":"2025-01-13T21:23:27","guid":{"rendered":"https:\/\/catalogo.rcddistribuidora.com\/?post_type=product&#038;p=10719"},"modified":"2025-01-13T18:23:27","modified_gmt":"2025-01-13T21:23:27","slug":"titan-sintopoid-fe-sae-75w-85","status":"publish","type":"product","link":"https:\/\/catalogo.rcddistribuidora.com\/?product=titan-sintopoid-fe-sae-75w-85","title":{"rendered":"TITAN SINTOPOID FE SAE 75W-85"},"content":{"rendered":"","protected":false},"excerpt":{"rendered":"<p>Fluido de desempenho Premium que oferece alto potencial de economia de combust\u00edvel para eixos de ve\u00edculos de passeio que proporciona maior efic\u00e1cia da caixa de c\u00e2mbio devido ao seu baixo grau de viscosidade. Pode reduzir o consumo de combust\u00edvel e oferece melhores propriedades a baixas temperaturas. Adequado para uso como fluido lubrificante permanente conforme recomenda\u00e7\u00e3o do fabricante.<\/p>\n<p><strong>Descri\u00e7\u00e3o<\/strong><br \/>\nO TITAN SINTOPOID FE SAE 75W-85 \u00e9 produzido com base na mais nova tecnologia de aditiva\u00e7\u00e3o aprovada pelos fabricantes de equipamentos originais (OEMs) com m\u00faltiplos perfis de aplica\u00e7\u00e3o embutidos em uma matriz de \u00f3leo b\u00e1sico totalmente sint\u00e9tico e isento de cisalhamento. Modificadores Especiais de Atrito reduzem a perda de pot\u00eancia nos rolamentos e nas engrenagens devido ao atrito, aumentando, assim, a efic\u00e1cia da caixa de c\u00e2mbio e garantindo o desempenho dos diferenciais de deslizamento limitado. A temperatura operacional do reservat\u00f3rio de \u00f3leo \u00e9 consideravelmente reduzida durante a opera\u00e7\u00e3o constante. O TITAN SINTOPOID FE SAE 75W-85 foi desenvolvido em conjunto com um fabricante de autom\u00f3veis l\u00edder de mercado e testado exaust\u00e3o.<\/p>\n<p><strong>Aplica\u00e7\u00e3o<\/strong><br \/>\nTITAN SINTOPOID FE SAE 75W-85 \u00e9 misc\u00edvel e compat\u00edvel com os \u00f3leos para engrenagens de marcas convencionais. No entanto, a mistura com outros \u00f3leos de transmiss\u00e3o deve ser evitada para aproveitar totalmente os benef\u00edcios do produto. Recomenda-se uma troca completa do \u00f3leo ao migrar para o TITAN SINTOPOID FE SAE 75W-85.<br \/>\nPara informa\u00e7\u00f5es sobre seguran\u00e7a e descarte adequado, favor orientar-se pelas informa\u00e7\u00f5es presentes na embalagem e na FISPQ.<\/p>\n<p><strong>Vantagens<\/strong><br \/>\n\u25aa Pode oferecer ao usu\u00e1rio o benef\u00edcio da economia e combust\u00edvel.<br \/>\n\u25aa Racionaliza\u00e7\u00e3o da diversidade de produtos para um produto FE-MTF com diversas op\u00e7\u00f5es de aplica\u00e7\u00e3o, tamb\u00e9m para diferenciais de deslizamento limitado (fun\u00e7\u00e3o LS).<br \/>\n\u25aa Proporciona uma opera\u00e7\u00e3o confi\u00e1vel sob grandes esfor\u00e7os (sem perda de viscosidade por cisalhamento) nas caixas de c\u00e2mbio do eixo traseiro durante todo o intervalo de opera\u00e7\u00e3o do \u00f3leo (lubrifica\u00e7\u00e3o permanente);<br \/>\n\u25aa Protege de forma confi\u00e1vel contra desgaste, forma\u00e7\u00e3o de borra, aglomera\u00e7\u00e3o e corros\u00e3o.<br \/>\n\u25aa Oferece excelente comportamento de viscosidade temperatura e, portanto, garante uma lubrifica\u00e7\u00e3o<br \/>\nconfi\u00e1vel tanto a temperaturas muito baixas como muito altas.<br \/>\n\u25aa \u00c9 altamente est\u00e1vel termicamente e n\u00e3o espuma mesmo sob grandes esfor\u00e7os.<br \/>\n\u25aa Compat\u00edvel com elast\u00f4meros e demais materiais de veda\u00e7\u00e3o.<\/p>\n<p><strong>Especifica\u00e7\u00f5es<\/strong><br \/>\n\u25aa API GL-5<\/p>\n<p><strong>Aprova\u00e7\u00f5es<\/strong><br \/>\n\u25aa APROVA\u00c7\u00c3O MB 235.7<br \/>\n\u25aa APROVA\u00c7\u00c3O MB 235.74<br \/>\n\u25aa APROVA\u00c7\u00c3O MB 235.72<br \/>\n\u25aa ZF TE-ML 18 (ZF002195)<\/p>\n<p><strong>Recomenda\u00e7\u00f5es FUCHS<\/strong><br \/>\n\u25aa MB 239.71<br \/>\n\u25aa VW TL 521 45-X (G 052 145 A1)<br \/>\n\u25aa VW TL 521 90 (G 052 190 A2\/G055 190 A2)<\/p>\n<p><strong>CARACTER\u00cdSTICAS T\u00cdPICAS<\/strong><br \/>\nDensidade \u00e0 15 \u00b0C\u00a0 \u00a0 \u00a0 \u00a0 \u00a0 \u00a0 \u00a0 \u00a0 \u00a0 \u00a0 \u00a0 \u00a0 \u00a0 \u00a0 \u00a0 \u00a0 \u00a0 \u00a0 \u00a0 \u00a0 \u00a0 \u00a0 \u00a0 \u00a0 DIN 51757\u00a0 \u00a0 \u00a0 \u00a0 \u00a0 \u00a0 \u00a0 \u00a0 \u00a0 0,854 g\/ml<br \/>\nGrau SAE\u00a0 \u00a0 \u00a0 \u00a0 \u00a0 \u00a0 \u00a0 \u00a0 \u00a0 \u00a0 \u00a0 \u00a0 \u00a0 \u00a0 \u00a0 \u00a0 \u00a0 \u00a0 \u00a0 \u00a0 \u00a0 \u00a0 \u00a0 \u00a0 \u00a0 \u00a0 \u00a0 \u00a0 \u00a0 \u00a0 \u00a0 \u00a0SAE J306\u00a0 \u00a0 \u00a0 \u00a0 \u00a0 \u00a0 \u00a0 \u00a0 \u00a0 \u00a075W-85<br \/>\nViscosidade Cinem\u00e1tica a 40 \u00b0C\u00a0 \u00a0 \u00a0 \u00a0 \u00a0 \u00a0 \u00a0 \u00a0 \u00a0 \u00a0 \u00a0 \u00a0DIN 51562-1\u00a0 \u00a0 \u00a0 \u00a0 \u00a0 \u00a0 \u00a0 78,0 mm2\/s<br \/>\nViscosidade Cinem\u00e1tica a 100 \u00b0C\u00a0 \u00a0 \u00a0 \u00a0 \u00a0 \u00a0 \u00a0 \u00a0 \u00a0 \u00a0 \u00a0DIN 51562-1\u00a0 \u00a0 \u00a0 \u00a0 \u00a0 \u00a0 \u00a0 12,0 mm2\/s<br \/>\n\u00cdndice de viscosidade\u00a0 \u00a0 \u00a0 \u00a0 \u00a0 \u00a0 \u00a0 \u00a0 \u00a0 \u00a0 \u00a0 \u00a0 \u00a0 \u00a0 \u00a0 \u00a0 \u00a0 \u00a0 \u00a0 \u00a0 \u00a0 DIN ISO 2909\u00a0 \u00a0 \u00a0 \u00a0 \u00a0 \u00a0149<br \/>\nPonto de fluidez\u00a0 \u00a0 \u00a0 \u00a0 \u00a0 \u00a0 \u00a0 \u00a0 \u00a0 \u00a0 \u00a0 \u00a0 \u00a0 \u00a0 \u00a0 \u00a0 \u00a0 \u00a0 \u00a0 \u00a0 \u00a0 \u00a0 \u00a0 \u00a0 \u00a0 \u00a0DIN ISO 3016\u00a0 \u00a0 \u00a0 \u00a0 \u00a0 \u00a0 -45 \u00b0C<br \/>\nCor\u00a0 \u00a0 \u00a0 \u00a0 \u00a0 \u00a0 \u00a0 \u00a0 \u00a0 \u00a0 \u00a0 \u00a0 \u00a0 \u00a0 \u00a0 \u00a0 \u00a0 \u00a0 \u00a0 \u00a0 \u00a0 \u00a0 \u00a0 \u00a0 \u00a0 \u00a0 \u00a0 \u00a0 \u00a0 \u00a0 \u00a0 \u00a0 \u00a0 \u00a0 \u00a0 \u00a0 \u00a0 DIN 10964\u00a0 \u00a0 \u00a0 \u00a0 \u00a0 \u00a0 \u00a0 \u00a0 \u00a0 \u00c2mbar<\/p>\n<p>O conte\u00fado deste informativo de produto \u00e9 baseado na experi\u00eancia e conhecimento da FUCHS LUBRIFICANTES DO BRASIL no desenvolvimento e fabrica\u00e7\u00e3o de lubrificantes, e representa a tecnologia de ponta atual. O desempenho dos nossos produtos pode ser influenciado por uma s\u00e9rie de fatores, especialmente a utiliza\u00e7\u00e3o espec\u00edfica, o m\u00e9todo de aplica\u00e7\u00e3o, o ambiente operacional, o pr\u00e9-tratamento, a poss\u00edvel contamina\u00e7\u00e3o externa etc. Por este motivo, afirma\u00e7\u00f5es generalizadas sobre a fun\u00e7\u00e3o dos nossos produtos n\u00e3o s\u00e3o poss\u00edveis. Nossos produtos n\u00e3o devem ser usados em aeronaves ou ve\u00edculos espaciais. Nossos produtos podem ser usados na produ\u00e7\u00e3o de componentes de aeronaves ou ve\u00edculos espaciais se forem removidos sem res\u00edduos desses componentes antes da montagem de aeronaves ou ve\u00edculos espaciais. As informa\u00e7\u00f5es sobre o produto representam diretrizes gerais, n\u00e3o vinculativas. Nenhuma garantia expressa ou impl\u00edcita \u00e9 dada sobre as propriedades do produto ou sua adequa\u00e7\u00e3o para qualquer aplica\u00e7\u00e3o dada.<br \/>\nPor isso, recomendamos que voc\u00ea consulte o Departamento T\u00e9cnico da FUCHS LUBRIFICANTES DO BRASIL para discutir as condi\u00e7\u00f5es de aplica\u00e7\u00e3o e os crit\u00e9rios de desempenho dos produtos antes de ser utilizado. \u00c9 responsabilidade do usu\u00e1rio verificar a adequa\u00e7\u00e3o funcional do produto e us\u00e1-lo com o devido cuidado.<br \/>\nNossos produtos s\u00e3o continuamente melhorados. N\u00f3s ent\u00e3o nos reservamos o direito de mudar nosso programa de produto, os produtos e seus processos de fabrica\u00e7\u00e3o, bem como todos os detalhes dos nossos formul\u00e1rios de informa\u00e7\u00e3o do produto a qualquer momento, sem aviso pr\u00e9vio, a menos que haja acordos espec\u00edficos com clientes. Com a publica\u00e7\u00e3o deste informativo de produto, todas as edi\u00e7\u00f5es anteriores deixam de ser v\u00e1lidas.<\/p>\n<p>&nbsp;<\/p>\n","protected":false},"featured_media":10720,"template":"","meta":[],"product_cat":[135],"product_tag":[],"class_list":{"0":"post-10719","1":"product","2":"type-product","3":"status-publish","4":"has-post-thumbnail","6":"product_cat-fluidos","8":"first","9":"instock","10":"shipping-taxable","11":"purchasable","12":"product-type-simple","13":"add-to-wishlist-after_add_to_cart"},"_links":{"self":[{"href":"https:\/\/catalogo.rcddistribuidora.com\/index.php?rest_route=\/wp\/v2\/product\/10719","targetHints":{"allow":["GET"]}}],"collection":[{"href":"https:\/\/catalogo.rcddistribuidora.com\/index.php?rest_route=\/wp\/v2\/product"}],"about":[{"href":"https:\/\/catalogo.rcddistribuidora.com\/index.php?rest_route=\/wp\/v2\/types\/product"}],"wp:featuredmedia":[{"embeddable":true,"href":"https:\/\/catalogo.rcddistribuidora.com\/index.php?rest_route=\/wp\/v2\/media\/10720"}],"wp:attachment":[{"href":"https:\/\/catalogo.rcddistribuidora.com\/index.php?rest_route=%2Fwp%2Fv2%2Fmedia&parent=10719"}],"wp:term":[{"taxonomy":"product_cat","embeddable":true,"href":"https:\/\/catalogo.rcddistribuidora.com\/index.php?rest_route=%2Fwp%2Fv2%2Fproduct_cat&post=10719"},{"taxonomy":"product_tag","embeddable":true,"href":"https:\/\/catalogo.rcddistribuidora.com\/index.php?rest_route=%2Fwp%2Fv2%2Fproduct_tag&post=10719"}],"curies":[{"name":"wp","href":"https:\/\/api.w.org\/{rel}","templated":true}]}}