{"id":10058,"date":"2024-11-18T17:37:39","date_gmt":"2024-11-18T20:37:39","guid":{"rendered":"https:\/\/catalogo.rcddistribuidora.com\/?post_type=product&#038;p=10058"},"modified":"2024-11-19T12:14:45","modified_gmt":"2024-11-19T15:14:45","slug":"car-lub","status":"publish","type":"product","link":"https:\/\/catalogo.rcddistribuidora.com\/?product=car-lub","title":{"rendered":"CAR LUB"},"content":{"rendered":"","protected":false},"excerpt":{"rendered":"<p>\u00c9 um lubrificante antiferrugem multiuso, desenvolvido especialmente para proteger, lubrificar e desengripar elementos met\u00e1licos contra ferrugem e corros\u00e3o, atrav\u00e9s de aplica\u00e7\u00f5es regulares mant\u00e9m uma pel\u00edcula protetora agindo contra as a\u00e7\u00f5es do tempo.<\/p>\n<p><strong>Caracter\u00edsticas<\/strong><\/p>\n<p>#01 Lubrificante antiferrugem<\/p>\n<p>#02 Elimina a umidade<\/p>\n<p>#03 Limpa e protege<\/p>\n<p>#04 Solta partes emperradas<\/p>\n<p><strong>APLICA\u00c7\u00d5ES<\/strong><\/p>\n<ul>\n<li>Em ve\u00edculos, pode ser usado em dobradi\u00e7as, articula\u00e7\u00f5es, fechaduras, parafusos, correntes, cabos de embreagem e acelerador, al\u00e9m de proteger as superf\u00edcies cromadas.<\/li>\n<li>Nas ind\u00fastrias e equipamentos de esporte e lazer, em ferramentas, m\u00e1quinas, rolamentos, eixos, engrenagens, polias, equipamentos de ca\u00e7a, aparelhos de academias, pesca e modelismo, correntes e rolamentos de bicicletas, patins e skates, motores de popa e n\u00e1utica e\u00a0outros equipamentos.<\/li>\n<li>Tamb\u00e9m recomendado para uso dom\u00e9stico em cadeados, dobradi\u00e7as, fechaduras, trincos e trilhos de portas, janelas e port\u00f5es, protege m\u00e1quinas de costura e aparelhos eletrodom\u00e9sticos.<\/li>\n<\/ul>\n","protected":false},"featured_media":10059,"template":"","meta":[],"product_cat":[15],"product_tag":[],"class_list":{"0":"post-10058","1":"product","2":"type-product","3":"status-publish","4":"has-post-thumbnail","6":"product_cat-geral","8":"first","9":"instock","10":"shipping-taxable","11":"purchasable","12":"product-type-simple","13":"add-to-wishlist-after_add_to_cart"},"_links":{"self":[{"href":"https:\/\/catalogo.rcddistribuidora.com\/index.php?rest_route=\/wp\/v2\/product\/10058","targetHints":{"allow":["GET"]}}],"collection":[{"href":"https:\/\/catalogo.rcddistribuidora.com\/index.php?rest_route=\/wp\/v2\/product"}],"about":[{"href":"https:\/\/catalogo.rcddistribuidora.com\/index.php?rest_route=\/wp\/v2\/types\/product"}],"wp:featuredmedia":[{"embeddable":true,"href":"https:\/\/catalogo.rcddistribuidora.com\/index.php?rest_route=\/wp\/v2\/media\/10059"}],"wp:attachment":[{"href":"https:\/\/catalogo.rcddistribuidora.com\/index.php?rest_route=%2Fwp%2Fv2%2Fmedia&parent=10058"}],"wp:term":[{"taxonomy":"product_cat","embeddable":true,"href":"https:\/\/catalogo.rcddistribuidora.com\/index.php?rest_route=%2Fwp%2Fv2%2Fproduct_cat&post=10058"},{"taxonomy":"product_tag","embeddable":true,"href":"https:\/\/catalogo.rcddistribuidora.com\/index.php?rest_route=%2Fwp%2Fv2%2Fproduct_tag&post=10058"}],"curies":[{"name":"wp","href":"https:\/\/api.w.org\/{rel}","templated":true}]}}